 + 2*p**2 + 5*p - 25. Is a(-6) prime?
True
Let y = 21339 - 11792. Let i = y - 6357. Suppose -5*u = 2*n - 7*n - i, -1270 = -2*u + 4*n. Is u a composite number?
False
Let v be 6/(11/(55/10)). Suppose -10*g = -v*c - 7*g + 4962, -2*g + 6 = 0. Is c prime?
True
Suppose 0 = 3*o, 5*g + 17 = 3*o + 77. Let a(z) = 10*z + 1 - z**2 - g*z**3 + 2*z - 10*z. Is a(-2) a composite number?
False
Suppose 21*c - 57026 + 13766 = 0. Let r = 4957 - c. Is r a composite number?
False
Let h = -462209 + 778944. Is h composite?
True
Let i(t) = -11 + 9*t + 15*t - 6*t. Let q(h) = -h**2 - 55*h - 150. Let f be q(-52). Is i(f) composite?
False
Let k = -121 + 124. Suppose -5*b = k*h + 729, b - h = 3*h - 132. Is (-1)/(-9) + (-202880)/b composite?
False
Suppose 0 = -4*a - 12, -35*a + 34*a = -s + 482486. Is s composite?
False
Suppose -29960 = -0*c - 5*c. Suppose -2*w + c = -6*w. Let s = w - -2755. Is s a prime number?
False
Suppose 0 = -3*q + 3*t - 305 + 1496, 4*q - 1583 = 3*t. Suppose -404*i + q*i + 9204 = 0. Is i prime?
False
Let z(m) = 16*m**2 + 7*m + 19. Let y = -58 - -30. Let l = 22 + y. Is z(l) composite?
True
Suppose 0 = 21*u + 55 - 601. Suppose -u*d + 2405 = -21*d. Is d composite?
True
Let r(g) = 20*g + 17. Let w(z) = -7*z - 6. Let u(c) = -6*r(c) - 17*w(c). Let t(b) = 3*b + 769. Let k(i) = t(i) - 6*u(i). Is k(0) a prime number?
True
Is 1*(190730 + -12 + 9) composite?
True
Let y(i) be the third derivative of i**5/30 - 5*i**4/8 - 29*i**3/3 + 2*i**2 + 8*i. Is y(-25) composite?
False
Let x(j) = -74*j**3 + 4*j**2 - 4*j + 3. Let z be x(-7). Suppose -t + 25611 = 4*d, -2*d - 3*t = 2*d - z. Suppose -5*r + d + 3232 = 0. Is r a prime number?
False
Let p(q) = 5 - 150*q + 335*q + 2. Is p(6) composite?
False
Let s be (3966/8)/((-2)/(-32)). Suppose -4*x - 47364 = -s. Is (-2)/(4 + x/2463) a prime number?
True
Suppose -29310 = 33*s + 167139. Let j = -1800 - s. Is j prime?
True
Suppose 4*a - 3*f = 6428843, -f + 4821616 = 25*a - 22*a. Is a a prime number?
False
Let d = 81 + -78. Let w(o) = -218*o**d - 7*o**2 - 2 + 7*o**2 - 365*o**3 - 2*o. Is w(-1) a composite number?
True
Suppose b = 3*a + 122, 4*a = b - a - 132. Suppose -b - 449 = -4*n. Suppose -8*t = -7*t - n. Is t a prime number?
True
Suppose -4*g + 5*v - 33 = 6*v, 5*g + v = -41. Is (-304065)/(-165) - g/44 a composite number?
True
Suppose 1149*m - 1138*m = 2428679. Is m a composite number?
False
Suppose 703195 = -5*d + 3781080. Is d composite?
False
Let g = -450 + 455. Suppose 2*h + 5*q = 30949, 2*h + g*q = h + 15462. Is h a composite number?
True
Let t = -34535 + 73078. Is t a prime number?
True
Suppose 4*r = h + 242351, -5*r = -3*h - 247591 - 55353. Is r a prime number?
False
Suppose 0 = 224*i - 3354780 - 5919256 - 286732. Is i a prime number?
False
Suppose -505*j + 561*j = 1762264. Is j a composite number?
False
Suppose 26*g = 30*g + 5*v - 4749350, 5936663 = 5*g - 6*v. Is g a prime number?
False
Let l(j) = 2*j + 26. Let g be l(-18). Let a = 12 - g. Is (-55)/a*1076/(-5) prime?
False
Let s(i) = 16*i + 14. Let j be s(-5). Let d be j/(-15) - (-3)/5. Suppose -d*y + 165 = -20. Is y composite?
False
Suppose -v - o + 3269 = 0, -v - 10*o + 5*o + 3269 = 0. Is v a composite number?
True
Suppose 12*r + 3*u = 13*r + 12135, 2*r + u + 24235 = 0. Let w = 22181 + r. Is w prime?
True
Let m(o) = -2122*o - 915. Is m(-38) composite?
True
Let p(i) = -19*i**2 - 4*i + 43. Let o(y) = y**2 + y. Let d(t) = -o(t) - p(t). Let m be d(5). Let l = m - 129. Is l a composite number?
False
Let r be (9/(54/4))/(18/81). Suppose -r*h = -2*a + 1735 + 16153, 2*h + 35768 = 4*a. Is a a prime number?
True
Suppose y = 4*p - 163032, 26*p - 23*p + 5*y - 122297 = 0. Is p a prime number?
True
Let s = -380 - -754. Let g = -769 + s. Let z = -104 - g. Is z a prime number?
False
Suppose 2*z - 3*m + 10 = z, 3*z = 5*m - 30. Let p(w) = -9*w**2 - w + 3 - 2*w**3 + 2*w**3 + 2*w**3 + w**3 - 4*w**3. Is p(z) prime?
True
Let p(c) = -20 - c + 7*c - 36 - 2*c. Let r be p(14). Suppose -8*n + 17*n - 4689 = r. Is n prime?
True
Suppose -3*t = -12*w + 10*w - 3, -5*w = -3*t + 3. Suppose 8*p - 19*p + 15598 = w. Is p a prime number?
False
Suppose 40*y = 39*y + 13291. Is y a composite number?
False
Let z(d) = -6*d + 3. Let m be z(-1). Let o be m/3 + 15 + 4/2. Suppose -4*b + o = 0, -3*t + 2*b - 559 = -7962. Is t a composite number?
True
Let i(c) = c**2 + 9*c + 2019. Suppose 0 = -4*q - 3*a, 0 = 9*q - 8*q - a. Is i(q) a prime number?
False
Suppose -5*l - 22 = -16*l. Let y(b) = 11 + 6*b**2 - 2*b**3 + 3*b**3 + 14*b**l + 28 - 13*b. Is y(-19) composite?
False
Is (-14)/8*(-28)/(-98)*-3004 a composite number?
True
Let s(u) = 261*u + 79. Let x be s(-34). Let y = x + 18316. Is y a composite number?
False
Let q(z) = 148611*z**2 + 638*z - 1926. Is q(3) a composite number?
True
Let c(s) be the second derivative of 2935*s**3/6 + 9*s**2 + 92*s. Is c(1) prime?
True
Let m be 2/2 + 2/1. Suppose 10 - 16 = -m*y. Suppose 450 + 368 = y*d. Is d composite?
False
Let t = 1933 + -3256. Let o be (-14 - -2995) + 3 + -4. Let b = t + o. Is b a composite number?
False
Suppose -291*z = -293*z + 32. Let v(n) = -267*n + 5. Let x be v(-4). Is (x/2)/(z/32) prime?
False
Let y = 1510519 - 683306. Is y prime?
True
Suppose -166*l = -186*l + 448660. Is l a prime number?
True
Suppose -15*l + 145073 = s - 11*l, -10*s + l + 1450812 = 0. Is s composite?
True
Suppose -3*h - 17*g + 30101 = -12*g, -10029 = -h - 4*g. Is h a prime number?
True
Let x(d) = -199*d + 180 + 32 + 496*d. Is x(26) composite?
True
Suppose -43*s + 5*s = -718276. Suppose 0 = 12*z - 12754 - s. Is z composite?
True
Suppose 2*s + 16 = 94. Let t = s - -322. Is t a composite number?
True
Suppose 0 = 3*i - 71951 + 14102. Is i prime?
False
Let w = -1810 - -3029. Let n be (4/3)/((-6)/(-9)). Suppose w = -h + n*h. Is h prime?
False
Let h(x) = -35*x**2 + x + 110. Let f(j) = -18*j**2 + j + 55. Let q(u) = 5*f(u) - 3*h(u). Is q(12) composite?
False
Let p = -91 - -95. Suppose -2*g - p*f = -8322, 2 + 6 = 2*f. Is g a prime number?
True
Suppose 5*v - 10*v = 25. Let t be 1/(1 + v/10). Suppose -t*s + 349 + 265 = 0. Is s composite?
False
Suppose 48*t = 51*t + 3*o - 12780, -3*o = t - 4264. Is t prime?
False
Suppose 3*d - 593348 = -5*c, 3*c + 534003 = 5*d - 454967. Is d composite?
True
Let c = -49568 - -656539. Is c composite?
False
Let b be (-782)/(-187) + (8/22)/(-2). Is (80/(-200))/(b/(-310)) composite?
False
Let v = -338 - -329. Let u(r) = r**3 + 16*r**2 + 52*r - 20. Is u(v) prime?
True
Let b(j) = 2*j**3 - 42*j**2 + 20*j - 109. Is b(39) a composite number?
True
Let y = 26200 + -39315. Let c = y - -18664. Is c a composite number?
True
Let p(z) = -2*z**3 - 6*z**2 + 12*z - 15. Let t(m) = 6*m - 7. Let o be t(2). Suppose -5*w - 24 = 2*h, 34 = -o*h - 4*w - 9. Is p(h) a composite number?
False
Let t(u) = u**2 + 10*u + 13. Let f be t(-4). Let g(o) = 8*o**2 + 19*o - 8. Is g(f) a composite number?
False
Let b = 5673 - -3805. Let l = b + -4945. Is l a composite number?
True
Let f(u) = -u - 33. Let y be f(-9). Let c be y/((-9)/((-234)/(-4))). Suppose 3*v + c = 3*j, -j - j + 107 = -v. Is j prime?
False
Let y(f) = 18151*f + 2719. Is y(4) prime?
True
Let s = 22582 + 602. Suppose 4*k + s = 5*w + 5*k, 2*k + 23187 = 5*w. Is w a composite number?
False
Let o(f) be the third derivative of 0*f + 41/24*f**4 + 0 - 2/3*f**3 + 9*f**2. Is o(3) a composite number?
True
Let k(v) = 179*v**2 - 2459*v + 59. Is k(30) a prime number?
False
Let l(y) = 102*y**2 + 19*y - 9. Let g(k) = 4*k + 34. Let x be g(-7). Is l(x) prime?
False
Let x = -40 + 45. Let t(k) = -k**2 + 4*k + 7. Let n be t(x). Suppose -h - 4*h - l = -668, -n*h = l - 266. Is h a composite number?
True
Suppose -j = 2*t - 207574 - 286085, 0 = -2*t + j + 493673. Is t prime?
True
Suppose -2*v + 185 + 289 = 0. Let b = 503 + v. Let z = 1429 - b. Is z a prime number?
False
Let b = -387 + 392. Suppose 0 = 2*s - 5*s + 2*v + 10937, 3*s = -b*v + 10909. Is s a prime number?
True
Let z = -30 + 40. Let l = 10 - z. Suppose -3*q + q + 1262 = l. Is q composite?
False
Let g(n) = 348192*n**3 + n**2 + 273*n - 273. Is g(1) a prime number?
False
Suppose 0 = 561*q - 788*q + 98064227. Is q composite?
False
Let h(f) = 8*f**3 - 5*f + 1 + 8*f**2 - 7 + 2. Let z be h(8). Suppose z = 5*q - q. Is q a composite number?
True
Suppose 5*w + 27 = -3*n + 74, 2*n - 5*w = 23. Suppose -8*x = -n*x + 2910. Is x pr